igit of 11633?
1
What is the tens digit of 31401?
0
What is the thousands digit of 30842?
0
What is the units digit of 2799?
9
What is the units digit of 354?
4
What is the hundreds digit of 23754?
7
What is the units digit of 4080?
0
What is the hundreds digit of 393?
3
What is the tens digit of 33049?
4
What is the tens digit of 460?
6
What is the thousands digit of 12857?
2
What is the thousands digit of 9561?
9
What is the units digit of 3984?
4
What is the tens digit of 332?
3
What is the units digit of 1647?
7
What is the hundreds digit of 87929?
9
What is the tens digit of 24563?
6
What is the hundreds digit of 1502?
5
What is the thousands digit of 5905?
5
What is the units digit of 52952?
2
What is the hundreds digit of 128078?
0
What is the thousands digit of 2027?
2
What is the hundreds digit of 605?
6
What is the thousands digit of 3333?
3
What is the hundreds digit of 199?
1
What is the tens digit of 6645?
4
What is the units digit of 1352?
2
What is the units digit of 2563?
3
What is the units digit of 3184?
4
What is the tens digit of 105892?
9
What is the units digit of 22574?
4
What is the tens digit of 30728?
2
What is the ten thousands digit of 20987?
2
What is the tens digit of 4525?
2
What is the hundreds digit of 164?
1
What is the thousands digit of 6366?
6
What is the units digit of 481?
1
What is the tens digit of 7110?
1
What is the units digit of 59922?
2
What is the thousands digit of 15662?
5
What is the thousands digit of 4061?
4
What is the tens digit of 1251?
5
What is the hundreds digit of 973?
9
What is the tens digit of 401?
0
What is the units digit of 1677?
7
What is the units digit of 1862?
2
What is the units digit of 28078?
8
What is the units digit of 21375?
5
What is the ten thousands digit of 40059?
4
What is the ten thousands digit of 129323?
2
What is the units digit of 119596?
6
What is the thousands digit of 23561?
3
What is the units digit of 24250?
0
What is the hundreds digit of 47209?
2
What is the ten thousands digit of 10613?
1
What is the thousands digit of 141492?
1
What is the tens digit of 1220?
2
What is the hundreds digit of 8367?
3
What is the units digit of 19931?
1
What is the ten thousands digit of 12035?
1
What is the hundreds digit of 5600?
6
What is the hundreds digit of 167?
1
What is the tens digit of 19465?
6
What is the hundreds digit of 30431?
4
What is the tens digit of 65?
6
What is the units digit of 432?
2
What is the tens digit of 3378?
7
What is the tens digit of 3711?
1
What is the hundreds digit of 2562?
5
What is the units digit of 7514?
4
What is the hundreds digit of 1877?
8
What is the thousands digit of 1712?
1
What is the hundreds digit of 11777?
7
What is the ten thousands digit of 56611?
5
What is the units digit of 1282?
2
What is the thousands digit of 4277?
4
What is the ten thousands digit of 13683?
1
What is the thousands digit of 1532?
1
What is the tens digit of 2416?
1
What is the hundreds digit of 2748?
7
What is the tens digit of 30338?
3
What is the tens digit of 6419?
1
What is the tens digit of 2049?
4
What is the units digit of 45029?
9
What is the tens digit of 11789?
8
What is the hundreds digit of 431?
4
What is the units digit of 937?
7
What is the thousands digit of 4753?
4
What is the tens digit of 418?
1
What is the units digit of 14?
4
What is the hundreds digit of 425?
4
What is the thousands digit of 5287?
5
What is the units digit of 10402?
2
What is the units digit of 33268?
8
What is the tens digit of 42781?
8
What is the tens digit of 3544?
4
What is the thousands digit of 13145?
3
What is the units digit of 139838?
8
What is the units digit of 6706?
6
What is the hundreds digit of 235?
2
What is the tens digit of 1521?
2
What is the tens digit of 358?
5
What is the hundreds digit of 1863?
8
What is the units digit of 507?
7
What is the thousands digit of 5770?
5
What is the thousands digit of 10669?
0
What is the units digit of 5948?
8
What is the hundreds digit of 1352?
3
What is the tens digit of 13459?
5
What is the units digit of 3146?
6
What is the ten thousands digit of 12102?
1
What is the tens digit of 26610?
1
What is the tens digit of 35?
3
What is the thousands digit of 1556?
1
What is the hundreds digit of 2710?
7
What is the hundreds digit of 2628?
6
What is the hundred thousands digit of 184203?
1
What is the units digit of 295?
5
What is the units digit of 550?
0
What is the tens digit of 413?
1
What is the units digit of 25141?
1
What is the units digit of 53969?
9
What is the tens digit of 790?
9
What is the units digit of 9753?
3
What is the units digit of 229?
9
What is the units digit of 18?
8
What is the hundreds digit of 2935?
9
What is the units digit of 630?
0
What is the thousands digit of 14311?
4
What is the units digit of 46261?
1
What is the tens digit of 21577?
7
What is the tens digit of 691?
9
What is the thousands digit of 15386?
5
What is the tens digit of 178223?
2
What is the thousands digit of 33207?
3
What is the tens digit of 2040?
4
What is the thousands digit of 19294?
9
What is the thousands digit of 4854?
4
What is the hundreds digit of 2148?
1
What is the tens digit of 53869?
6
What is the units digit of 631?
1
What is the ten thousands digit of 11886?
1
What is the hundreds digit of 87488?
4
What is the tens digit of 340?
4
What is the thousands digit of 7514?
7
What is the hundreds digit of 16787?
7
What is the tens digit of 543?
4
What is the hundreds digit of 11762?
7
What is the tens digit of 337?
3
What is the units digit of 25?
5
What is the units digit of 720?
0
What is the tens digit of 6121?
2
What is the tens digit of 26?
2
What is the hundreds digit of 8391?
3
What is the tens digit of 5081?
8
What is the units digit of 6344?
4
What is the tens digit of 957?
5
What is the tens digit of 21076?
7
What is the units digit of 88050?
0
What is the units digit of 1406?
6
What is the tens digit of 4098?
9
What is the thousands digit of 5786?
5
What is the thousands digit of 54997?
4
What is the thousands digit of 43016?
3
What is the units digit of 1473?
3
What is the thousands digit of 4329?
4
What is the hundreds digit of 9733?
7
What is the hundreds digit of 12415?
4
What is the units digit of 4728?
8
What is the thousands digit of 2626?
2
What is the units digit of 26263?
3
What is the hundreds digit of 46050?
0
What is the tens digit of 36964?
6
What is the tens digit of 614?
1
What is the thousands digit of 40905?
0
What is the thousands digit of 42049?
2
What is the thousands digit of 4432?
4
What is the hundreds digit of 2155?
1
What is the hundreds digit of 46810?
8
What is the units digit of 14?
4
What is the tens digit of 1153?
5
What is the ten thousands digit of 41436?
4
What is the hundreds digit of 1252?
2
What is the hundreds digit of 9695?
6
What is the hundreds digit of 7150?
1
What is the hundreds digit of 741?
7
What is the ten thousands digit of 45602?
4
What is the thousands digit of 3539?
3
What is the units digit of 79401?
1
What is the tens digit of 527?
2
What is the tens digit of 104657?
5
What is the tens digit of 97416?
1
What is the tens digit of 146?
4
What is the ten thousands digit of 136927?
3
What is the ten thousands digit of 93225?
9
What is the hundreds digit of 25719?
7
What is the tens digit of 690?
9
What is the thousands digit of 4961?
4
What is the units digit of 1527?
7
What is the tens digit of 2056?
5
What is the units digit of 6617?
7
What is the hundreds digit of 4428?
4
What is the units digit of 1444?
4
What is the tens digit of 2486?
8
What is the hundreds digit of 9420?
4
What is the units digit of 440?
0
What is the hundreds digit of 1290?
2
What is the units digit of 911?
1
What is the thousands digit of 61379?
1
What is the hundreds digit of 26026?
0
What is the tens digit of 25892?
9
What is the thousands digit of 14683?
4
What is the units digit of 343?
3
What is the units digit of 516?
6
What is the tens digit of 1057?
5
What is the ten thousands digit of 109634?
0
What is the hundreds digit of 38273?
2
What is the units digit of 955?
5
What is the hundreds digit of 1469?
4
What is the hundreds digit of 3323?
3
What is the hundred thousands digit of 151999?
1
What is the thousands digit of 1219?
1
What is the thousands d